{"id":378,"date":"2026-03-16T13:49:32","date_gmt":"2026-03-16T12:49:32","guid":{"rendered":"https:\/\/kasyfiskalnepoznan.com.pl\/?page_id=378"},"modified":"2026-03-16T13:54:30","modified_gmt":"2026-03-16T12:54:30","slug":"datecs-wpp-350","status":"publish","type":"page","link":"https:\/\/kasyfiskalnepoznan.com.pl\/?page_id=378","title":{"rendered":"DATECS WPP-350"},"content":{"rendered":"\t\t<div data-elementor-type=\"wp-page\" data-elementor-id=\"378\" class=\"elementor elementor-378\" data-elementor-post-type=\"page\">\n\t\t\t\t\t\t<section class=\"elementor-section elementor-top-section elementor-element elementor-element-560ca8b6 elementor-section-boxed elementor-section-height-default elementor-section-height-default\" data-id=\"560ca8b6\" data-element_type=\"section\" data-e-type=\"section\">\n\t\t\t\t\t\t<div class=\"elementor-container elementor-column-gap-default\">\n\t\t\t\t\t<div class=\"elementor-column elementor-col-100 elementor-top-column elementor-element elementor-element-3d43b320\" data-id=\"3d43b320\" data-element_type=\"column\" data-e-type=\"column\">\n\t\t\t<div class=\"elementor-widget-wrap elementor-element-populated\">\n\t\t\t\t\t\t<section class=\"elementor-section elementor-inner-section elementor-element elementor-element-8d76702 elementor-section-boxed elementor-section-height-default elementor-section-height-default\" data-id=\"8d76702\" data-element_type=\"section\" data-e-type=\"section\">\n\t\t\t\t\t\t<div class=\"elementor-container elementor-column-gap-default\">\n\t\t\t\t\t<div class=\"elementor-column elementor-col-100 elementor-inner-column elementor-element elementor-element-3fe1f76\" data-id=\"3fe1f76\" data-element_type=\"column\" data-e-type=\"column\">\n\t\t\t<div class=\"elementor-widget-wrap elementor-element-populated\">\n\t\t\t\t\t\t<div class=\"elementor-element elementor-element-650a0ee5 elementor-widget elementor-widget-heading\" data-id=\"650a0ee5\" data-element_type=\"widget\" data-e-type=\"widget\" data-widget_type=\"heading.default\">\n\t\t\t\t\t<h6 class=\"elementor-heading-title elementor-size-default\">Nasza oferta DRUKAREK fiskalnych:\n<\/h6>\t\t\t\t<\/div>\n\t\t\t\t<div class=\"elementor-element elementor-element-2f951109 elementor-widget elementor-widget-heading\" data-id=\"2f951109\" data-element_type=\"widget\" data-e-type=\"widget\" data-widget_type=\"heading.default\">\n\t\t\t\t\t<h2 class=\"elementor-heading-title elementor-size-default\">DATECS WPP-350<\/h2>\t\t\t\t<\/div>\n\t\t\t\t\t<\/div>\n\t\t<\/div>\n\t\t\t\t\t<\/div>\n\t\t<\/section>\n\t\t\t\t\t<\/div>\n\t\t<\/div>\n\t\t\t\t\t<\/div>\n\t\t<\/section>\n\t\t<div class=\"elementor-element elementor-element-2735c1b4 e-flex e-con-boxed e-con e-parent\" data-id=\"2735c1b4\" data-element_type=\"container\" data-e-type=\"container\">\n\t\t\t\t\t<div class=\"e-con-inner\">\n\t\t\t\t<div class=\"elementor-element elementor-element-6858b3ed elementor-widget elementor-widget-image\" data-id=\"6858b3ed\" data-element_type=\"widget\" data-e-type=\"widget\" data-widget_type=\"image.default\">\n\t\t\t\t\t\t\t\t\t\t\t\t\t\t\t<img fetchpriority=\"high\" decoding=\"async\" width=\"225\" height=\"225\" src=\"https:\/\/kasyfiskalnepoznan.com.pl\/wp-content\/uploads\/2026\/03\/images-1.jpg\" class=\"attachment-large size-large wp-image-383\" alt=\"\" srcset=\"https:\/\/kasyfiskalnepoznan.com.pl\/wp-content\/uploads\/2026\/03\/images-1.jpg 225w, https:\/\/kasyfiskalnepoznan.com.pl\/wp-content\/uploads\/2026\/03\/images-1-150x150.jpg 150w\" sizes=\"(max-width: 225px) 100vw, 225px\" \/>\t\t\t\t\t\t\t\t\t\t\t\t\t\t\t<\/div>\n\t\t\t\t\t<\/div>\n\t\t\t\t<\/div>\n\t\t\t\t<section class=\"elementor-section elementor-top-section elementor-element elementor-element-1415d4cb elementor-section-content-middle elementor-section-boxed elementor-section-height-default elementor-section-height-default\" data-id=\"1415d4cb\" data-element_type=\"section\" data-e-type=\"section\" data-settings=\"{&quot;background_background&quot;:&quot;classic&quot;}\">\n\t\t\t\t\t\t<div class=\"elementor-container elementor-column-gap-wider\">\n\t\t\t\t\t<div class=\"elementor-column elementor-col-100 elementor-top-column elementor-element elementor-element-5fccd090 animated-slow\" data-id=\"5fccd090\" data-element_type=\"column\" data-e-type=\"column\" data-settings=\"{&quot;animation&quot;:&quot;none&quot;}\">\n\t\t\t<div class=\"elementor-widget-wrap elementor-element-populated\">\n\t\t\t\t\t\t<div class=\"elementor-element elementor-element-6169f191 elementor-widget elementor-widget-heading\" data-id=\"6169f191\" data-element_type=\"widget\" data-e-type=\"widget\" data-widget_type=\"heading.default\">\n\t\t\t\t\t<h6 class=\"elementor-heading-title elementor-size-default\">specyfikacja<\/h6>\t\t\t\t<\/div>\n\t\t\t\t<div class=\"elementor-element elementor-element-1583e0af elementor-widget elementor-widget-heading\" data-id=\"1583e0af\" data-element_type=\"widget\" data-e-type=\"widget\" data-widget_type=\"heading.default\">\n\t\t\t\t\t<h2 class=\"elementor-heading-title elementor-size-default\">Drukarka fiskalna DATECS WPP-350 w skr\u00f3cie:<\/h2>\t\t\t\t<\/div>\n\t\t\t\t<div class=\"elementor-element elementor-element-3c33249b elementor-widget elementor-widget-toggle\" data-id=\"3c33249b\" data-element_type=\"widget\" data-e-type=\"widget\" data-widget_type=\"toggle.default\">\n\t\t\t\t\t\t\t<div class=\"elementor-toggle\">\n\t\t\t\t\t\t\t<div class=\"elementor-toggle-item\">\n\t\t\t\t\t<div id=\"elementor-tab-title-1001\" class=\"elementor-tab-title\" data-tab=\"1\" role=\"button\" aria-controls=\"elementor-tab-content-1001\" aria-expanded=\"false\">\n\t\t\t\t\t\t\t\t\t\t\t\t<span class=\"elementor-toggle-icon elementor-toggle-icon-right\" aria-hidden=\"true\">\n\t\t\t\t\t\t\t\t\t\t\t\t\t\t\t<span class=\"elementor-toggle-icon-closed\"><svg class=\"e-font-icon-svg e-fas-angle-right\" viewBox=\"0 0 256 512\" xmlns=\"http:\/\/www.w3.org\/2000\/svg\"><path d=\"M224.3 273l-136 136c-9.4 9.4-24.6 9.4-33.9 0l-22.6-22.6c-9.4-9.4-9.4-24.6 0-33.9l96.4-96.4-96.4-96.4c-9.4-9.4-9.4-24.6 0-33.9L54.3 103c9.4-9.4 24.6-9.4 33.9 0l136 136c9.5 9.4 9.5 24.6.1 34z\"><\/path><\/svg><\/span>\n\t\t\t\t\t\t\t\t<span class=\"elementor-toggle-icon-opened\"><svg class=\"elementor-toggle-icon-opened e-font-icon-svg e-fas-angle-down\" viewBox=\"0 0 320 512\" xmlns=\"http:\/\/www.w3.org\/2000\/svg\"><path d=\"M143 352.3L7 216.3c-9.4-9.4-9.4-24.6 0-33.9l22.6-22.6c9.4-9.4 24.6-9.4 33.9 0l96.4 96.4 96.4-96.4c9.4-9.4 24.6-9.4 33.9 0l22.6 22.6c9.4 9.4 9.4 24.6 0 33.9l-136 136c-9.2 9.4-24.4 9.4-33.8 0z\"><\/path><\/svg><\/span>\n\t\t\t\t\t\t\t\t\t\t\t\t\t<\/span>\n\t\t\t\t\t\t\t\t\t\t\t\t<a class=\"elementor-toggle-title\" tabindex=\"0\">Specyfikacja i kluczowe mo\u017cliwo\u015bci urz\u0105dzenia<\/a>\n\t\t\t\t\t<\/div>\n\n\t\t\t\t\t<div id=\"elementor-tab-content-1001\" class=\"elementor-tab-content elementor-clearfix\" data-tab=\"1\" role=\"region\" aria-labelledby=\"elementor-tab-title-1001\"><div class=\"document-page\" data-page=\"3\"><div class=\"pdf-page\"><div class=\"text-wrapper user-select-text\"><div data-canvas-width=\"302.00133333333326\"><p data-start=\"209\" data-end=\"555\">Mobilna drukarka termiczna to kompaktowe i wydajne urz\u0105dzenie przeznaczone do pracy w terenie oraz w punktach sprzeda\u017cy mobilnej. Dzi\u0119ki lekkiej konstrukcji, wydajnemu akumulatorowi oraz szybkiemu mechanizmowi drukuj\u0105cemu idealnie sprawdza si\u0119 w handlu, gastronomii, us\u0142ugach oraz wsz\u0119dzie tam, gdzie potrzebne jest szybkie drukowanie dokument\u00f3w.<\/p><p data-start=\"557\" data-end=\"879\">Drukarka nie posiada \u017cadnych ogranicze\u0144 programowych \u2013 mo\u017ce wydrukowa\u0107 wszystko, co znajduje si\u0119 w aplikacjach zainstalowanych na Twoim urz\u0105dzeniu. Obs\u0142uguje systemy <strong data-start=\"723\" data-end=\"752\">iOS, Android oraz Windows<\/strong>, a dzi\u0119ki komunikacji <strong data-start=\"775\" data-end=\"819\">Bluetooth, USB-C oraz opcjonalnemu Wi-Fi<\/strong> \u0142atwo wsp\u00f3\u0142pracuje ze smartfonami, tabletami i komputerami.<\/p><p data-start=\"881\" data-end=\"1269\">Urz\u0105dzenie wyposa\u017cone jest w wydajny <strong data-start=\"918\" data-end=\"939\">akumulator Li-ion<\/strong>, kt\u00f3ry pozwala na prac\u0119 nawet do <strong data-start=\"973\" data-end=\"986\">20 godzin<\/strong>, co czyni je doskona\u0142ym rozwi\u0105zaniem dla mobilnych punkt\u00f3w sprzeda\u017cy. Solidna konstrukcja zapewnia odporno\u015b\u0107 na upadek z wysoko\u015bci <strong data-start=\"1118\" data-end=\"1130\">do 1,2 m<\/strong>, a szeroka obs\u0142uga kod\u00f3w kreskowych i nowoczesnych standard\u00f3w sprawia, \u017ce drukarka spe\u0142nia wymagania wsp\u00f3\u0142czesnych system\u00f3w sprzeda\u017cowych.<\/p><\/div><\/div><\/div><\/div><\/div>\n\t\t\t\t<\/div>\n\t\t\t\t\t\t\t\t<\/div>\n\t\t\t\t\t\t<\/div>\n\t\t\t\t\t<\/div>\n\t\t<\/div>\n\t\t\t\t\t<\/div>\n\t\t<\/section>\n\t\t<div class=\"elementor-element elementor-element-5974ed05 e-flex e-con-boxed e-con e-parent\" data-id=\"5974ed05\" data-element_type=\"container\" data-e-type=\"container\">\n\t\t\t\t\t<div class=\"e-con-inner\">\n\t\t\t\t<div class=\"elementor-element elementor-element-380bc1c elementor-widget elementor-widget-html\" data-id=\"380bc1c\" data-element_type=\"widget\" data-e-type=\"widget\" data-widget_type=\"html.default\">\n\t\t\t\t\t<h2>Specyfikacja techniczna<\/h2>\r\n\r\n<table>\r\n<tr><td>Wymiary<\/td><td>61 \u00d7 106 \u00d7 122 mm (wys. \u00d7 szer. \u00d7 d\u0142.)<\/td><\/tr>\r\n<tr><td>Masa (bez rolki papieru)<\/td><td>370 g<\/td><\/tr>\r\n\r\n<tr><th colspan=\"2\">Wy\u015bwietlacz<\/th><\/tr>\r\n<tr><td>Typ<\/td><td>OLED<\/td><\/tr>\r\n<tr><td>Rozdzielczo\u015b\u0107<\/td><td>128 \u00d7 64 px<\/td><\/tr>\r\n\r\n<tr><th colspan=\"2\">Zasilanie<\/th><\/tr>\r\n<tr><td>Zasilanie sieciowe<\/td><td>AC 100\u2013240 V, 50\/60 Hz, DC 9 V, 1.3 A<\/td><\/tr>\r\n<tr><td>Akumulator<\/td><td>Li-ion 7.4 V, 2000 mAh<\/td><\/tr>\r\n<tr><td>Czas pracy z akumulatora<\/td><td>\u015arednio do 20 godzin<\/td><\/tr>\r\n\r\n<tr><th colspan=\"2\">Mechanizm drukuj\u0105cy<\/th><\/tr>\r\n<tr><td>Typ<\/td><td>Termiczny<\/td><\/tr>\r\n<tr><td>Pr\u0119dko\u015b\u0107 wydruku<\/td><td>Do 80 mm\/s<\/td><\/tr>\r\n<tr><td>Szeroko\u015b\u0107 druku<\/td><td>72 mm<\/td><\/tr>\r\n<tr><td>Wytrzyma\u0142o\u015b\u0107 g\u0142owicy<\/td><td>50 000 m<\/td><\/tr>\r\n\r\n<tr><th colspan=\"2\">Papier<\/th><\/tr>\r\n<tr><td>Typ<\/td><td>Papier termiczny<\/td><\/tr>\r\n<tr><td>Szeroko\u015b\u0107<\/td><td>58 mm<\/td><\/tr>\r\n<tr><td>Maksymalna \u015brednica rolki<\/td><td>45 mm<\/td><\/tr>\r\n\r\n<tr><th colspan=\"2\">Rozdzielczo\u015b\u0107<\/th><\/tr>\r\n<tr><td>Rozdzielczo\u015b\u0107 druku<\/td><td>203 dpi (8 pkt\/mm)<\/td><\/tr>\r\n\r\n<tr><th colspan=\"2\">Drukowane kolumny<\/th><\/tr>\r\n<tr><td>Czcionka A<\/td><td>48 znak\u00f3w \/ wiersz<\/td><\/tr>\r\n<tr><td>Czcionka B<\/td><td>64 znaki \/ wiersz<\/td><\/tr>\r\n\r\n<tr><th colspan=\"2\">System<\/th><\/tr>\r\n<tr><td>Obs\u0142ugiwane systemy<\/td><td>iOS, Android, Windows<\/td><\/tr>\r\n<tr><td>Emulacja<\/td><td>ESC\/POS<\/td><\/tr>\r\n\r\n<tr><th colspan=\"2\">Porty komunikacyjne<\/th><\/tr>\r\n<tr><td>Bluetooth<\/td><td>v 4.2<\/td><\/tr>\r\n<tr><td>USB<\/td><td>USB typ C<\/td><\/tr>\r\n<tr><td>Wi-Fi<\/td><td>IEEE 802.11 b\/g\/n (opcja)<\/td><\/tr>\r\n\r\n<tr><th colspan=\"2\">Temperatura pracy<\/th><\/tr>\r\n<tr><td>Temperatura pracy<\/td><td>-10\u00b0C do 50\u00b0C<\/td><\/tr>\r\n<tr><td>Wilgotno\u015b\u0107<\/td><td>20\u201380%<\/td><\/tr>\r\n\r\n<tr><th colspan=\"2\">Temperatura przechowywania<\/th><\/tr>\r\n<tr><td>Temperatura<\/td><td>-20\u00b0C do 60\u00b0C<\/td><\/tr>\r\n<tr><td>Wilgotno\u015b\u0107<\/td><td>0\u201390%<\/td><\/tr>\r\n\r\n<tr><th colspan=\"2\">Odporno\u015b\u0107<\/th><\/tr>\r\n<tr><td>Bezpieczny upadek<\/td><td>1.2 m<\/td><\/tr>\r\n\r\n<tr><th colspan=\"2\">Opcje dodatkowe<\/th><\/tr>\r\n<tr><td>Czytnik kart magnetycznych<\/td><td>Track 1, 2, 3<\/td><\/tr>\r\n<tr><td>Czytnik Smart Card<\/td><td>Opcjonalny<\/td><\/tr>\r\n<tr><td>Zasilacz samochodowy<\/td><td>Opcjonalny<\/td><\/tr>\r\n<\/table>\t\t\t\t<\/div>\n\t\t\t\t\t<\/div>\n\t\t\t\t<\/div>\n\t\t\t\t<section class=\"elementor-section elementor-top-section elementor-element elementor-element-1d40d5ac elementor-section-boxed elementor-section-height-default elementor-section-height-default\" data-id=\"1d40d5ac\" data-element_type=\"section\" data-e-type=\"section\" data-settings=\"{&quot;background_background&quot;:&quot;classic&quot;}\">\n\t\t\t\t\t\t<div class=\"elementor-container elementor-column-gap-default\">\n\t\t\t\t\t<div class=\"elementor-column elementor-col-100 elementor-top-column elementor-element elementor-element-42719e90\" data-id=\"42719e90\" data-element_type=\"column\" data-e-type=\"column\">\n\t\t\t<div class=\"elementor-widget-wrap\">\n\t\t\t\t\t\t\t<\/div>\n\t\t<\/div>\n\t\t\t\t\t<\/div>\n\t\t<\/section>\n\t\t\t\t<\/div>\n\t\t","protected":false},"excerpt":{"rendered":"<p>Nasza oferta DRUKAREK fiskalnych: DATECS WPP-350 specyfikacja Drukarka fiskalna DATECS WPP-350 w skr\u00f3cie: Specyfikacja i kluczowe mo\u017cliwo\u015bci urz\u0105dzenia Mobilna drukarka termiczna to kompaktowe i wydajne urz\u0105dzenie przeznaczone do pracy w terenie oraz w punktach sprzeda\u017cy mobilnej. Dzi\u0119ki lekkiej konstrukcji, wydajnemu akumulatorowi oraz szybkiemu mechanizmowi drukuj\u0105cemu idealnie sprawdza si\u0119 w handlu, gastronomii, us\u0142ugach oraz wsz\u0119dzie tam, [&hellip;]<\/p>\n","protected":false},"author":1,"featured_media":0,"parent":0,"menu_order":0,"comment_status":"closed","ping_status":"closed","template":"","meta":{"footnotes":""},"class_list":["post-378","page","type-page","status-publish","hentry"],"_links":{"self":[{"href":"https:\/\/kasyfiskalnepoznan.com.pl\/index.php?rest_route=\/wp\/v2\/pages\/378","targetHints":{"allow":["GET"]}}],"collection":[{"href":"https:\/\/kasyfiskalnepoznan.com.pl\/index.php?rest_route=\/wp\/v2\/pages"}],"about":[{"href":"https:\/\/kasyfiskalnepoznan.com.pl\/index.php?rest_route=\/wp\/v2\/types\/page"}],"author":[{"embeddable":true,"href":"https:\/\/kasyfiskalnepoznan.com.pl\/index.php?rest_route=\/wp\/v2\/users\/1"}],"replies":[{"embeddable":true,"href":"https:\/\/kasyfiskalnepoznan.com.pl\/index.php?rest_route=%2Fwp%2Fv2%2Fcomments&post=378"}],"version-history":[{"count":5,"href":"https:\/\/kasyfiskalnepoznan.com.pl\/index.php?rest_route=\/wp\/v2\/pages\/378\/revisions"}],"predecessor-version":[{"id":386,"href":"https:\/\/kasyfiskalnepoznan.com.pl\/index.php?rest_route=\/wp\/v2\/pages\/378\/revisions\/386"}],"wp:attachment":[{"href":"https:\/\/kasyfiskalnepoznan.com.pl\/index.php?rest_route=%2Fwp%2Fv2%2Fmedia&parent=378"}],"curies":[{"name":"wp","href":"https:\/\/api.w.org\/{rel}","templated":true}]}}